tors of 15338685?
3, 5, 47, 21757
What are the prime factors of 986132?
2, 7, 41, 859
What are the prime factors of 1121392?
2, 109, 643
List the prime factors of 2450160.
2, 3, 5, 41, 83
List the prime factors of 198637.
198637
List the prime factors of 93965.
5, 18793
List the prime factors of 736212.
2, 3, 19, 3229
What are the prime factors of 1255101?
3, 439, 953
List the prime factors of 3374424.
2, 3, 46867
List the prime factors of 1010910.
2, 3, 5, 31, 1087
What are the prime factors of 1739035?
5, 283, 1229
What are the prime factors of 149707?
23, 283
List the prime factors of 2831789.
2831789
What are the prime factors of 1416321?
3, 17, 9257
What are the prime factors of 1464773?
1464773
List the prime factors of 10445435.
5, 7, 11, 13, 2087
List the prime factors of 17720075.
5, 708803
List the prime factors of 1774377.
3, 11, 17923
List the prime factors of 1730620.
2, 5, 86531
What are the prime factors of 270985?
5, 11, 13, 379
What are the prime factors of 498212?
2, 11, 13, 67
What are the prime factors of 2840829?
3, 946943
What are the prime factors of 17308730?
2, 5, 1730873
What are the prime factors of 2567174?
2, 41, 31307
List the prime factors of 1143582.
2, 3, 11, 17327
What are the prime factors of 628450?
2, 5, 12569
List the prime factors of 448663.
31, 41, 353
What are the prime factors of 901779?
3, 300593
List the prime factors of 8522332.
2, 7, 13, 1801
List the prime factors of 226774.
2, 71, 1597
What are the prime factors of 6118574?
2, 7, 11, 67, 593
List the prime factors of 17038.
2, 7, 1217
What are the prime factors of 2027283?
3, 73, 9257
List the prime factors of 8207430.
2, 3, 5, 7, 11, 17, 19
List the prime factors of 320363.
29, 11047
List the prime factors of 1595196.
2, 3, 73, 607
What are the prime factors of 1307426?
2, 653713
What are the prime factors of 126274?
2, 19, 3323
List the prime factors of 727722.
2, 3, 40429
List the prime factors of 39144645.
3, 5, 509, 1709
List the prime factors of 851996.
2, 212999
List the prime factors of 760938.
2, 3, 126823
What are the prime factors of 278808?
2, 3, 11617
What are the prime factors of 737500?
2, 5, 59
List the prime factors of 320902.
2, 281, 571
List the prime factors of 7980165.
3, 5, 177337
What are the prime factors of 3744678?
2, 3, 7, 47, 271
What are the prime factors of 1830023?
13, 19, 31, 239
What are the prime factors of 2371849?
2371849
List the prime factors of 8777344.
2, 47, 1459
What are the prime factors of 4126202?
2, 839, 2459
What are the prime factors of 5628510?
2, 3, 5, 62539
List the prime factors of 689694.
2, 3, 71, 1619
What are the prime factors of 15287937?
3, 7, 727997
What are the prime factors of 11377003?
11, 1013, 1021
What are the prime factors of 336462?
2, 3, 7, 8011
List the prime factors of 3275890.
2, 5, 23, 14243
What are the prime factors of 16862178?
2, 3, 397, 7079
What are the prime factors of 1005973?
997, 1009
List the prime factors of 47528.
2, 13, 457
List the prime factors of 2309259.
3, 479, 1607
What are the prime factors of 874450?
2, 5, 17489
What are the prime factors of 415893?
3, 157, 883
List the prime factors of 2272622.
2, 11, 9391
List the prime factors of 23079299.
23079299
What are the prime factors of 531888?
2, 3, 7, 1583
What are the prime factors of 541838?
2, 11, 2239
What are the prime factors of 149835?
3, 5, 7, 1427
List the prime factors of 1661498.
2, 197, 4217
List the prime factors of 2086504.
2, 7, 19, 37, 53
What are the prime factors of 449897?
7, 64271
What are the prime factors of 2257786?
2, 47, 24019
What are the prime factors of 3337350?
2, 3, 5, 19, 1171
What are the prime factors of 374537?
374537
List the prime factors of 573189.
3, 17, 11239
What are the prime factors of 5122021?
37, 138433
List the prime factors of 773641.
11, 53, 1327
What are the prime factors of 594439?
17, 73, 479
What are the prime factors of 1822398?
2, 3, 37, 8209
List the prime factors of 2053842.
2, 3, 7, 79, 619
What are the prime factors of 90897?
3, 41, 739
What are the prime factors of 27831?
3, 9277
List the prime factors of 10441875.
3, 5, 5569
What are the prime factors of 6430759?
19, 338461
List the prime factors of 339797.
103, 3299
What are the prime factors of 26075658?
2, 3, 7, 620849
What are the prime factors of 418224?
2, 3, 8713
What are the prime factors of 446327?
7, 63761
What are the prime factors of 165533?
165533
List the prime factors of 403512.
2, 3, 17, 23, 43
What are the prime factors of 39715?
5, 13, 47
What are the prime factors of 1718256?
2, 3, 35797
What are the prime factors of 325423?
7, 46489
List the prime factors of 802075.
5, 32083
List the prime factors of 3718094.
2, 103, 18049
What are the prime factors of 5453122?
2, 2726561
What are the prime factors of 21985411?
7, 379, 8287
What are the prime factors of 283311?
3, 7, 1499
What are the prime factors of 3000675?
3, 5, 40009
What are the prime factors of 13598312?
2, 7, 13, 18679
What are the prime factors of 682616?
2, 11, 7757
What are the prime factors of 3698303?
7, 528329
List the prime factors of 7246156.
2, 1811539
What are the prime factors of 4218615?
3, 5, 31249
List the prime factors of 61775.
5, 7, 353
What are the prime factors of 7543358?
2, 3771679
List the prime factors of 408597.
3, 7, 19457
List the prime factors of 1489370.
2, 5, 17, 8761
What are the prime factors of 810038?
2, 593, 683
List the prime factors of 255430.
2, 5, 7, 41, 89
What are the prime factors of 621586?
2, 7, 29, 1531
What are the prime factors of 1654225?
5, 66169
List the prime factors of 5534975.
5, 221399
What are the prime factors of 8885474?
2, 13, 341749
What are the prime factors of 10153?
11, 13, 71
List the prime factors of 896626.
2, 448313
What are the prime factors of 359934?
2, 3, 239, 251
What are the prime factors of 17953314?
2, 3, 2992219
List the prime factors of 21187470.
2, 3, 5, 19, 37171
List the prime factors of 11093433.
3, 13, 284447
What are the prime factors of 8807338?
2, 4403669
List the prime factors of 1219395.
3, 5, 81293
List the prime factors of 1091167.
7, 11, 37, 383
What are the prime factors of 354805?
5, 11, 6451
List the prime factors of 9898375.
5, 79187
List the prime factors of 2974090.
2, 5, 7, 42487
List the prime factors of 334531.
67, 4993
What are the prime factors of 740155?
5, 13, 59, 193
List the prime factors of 787492.
2, 196873
What are the prime factors of 4223529?
3, 19, 8233
List the prime factors of 380659.
347, 1097
What are the prime factors of 992153?
992153
List the prime factors of 14092098.
2, 3, 61, 139, 277
List the prime factors of 3324656.
2, 17, 719
List the prime factors of 995876.
2, 7, 5081
What are the prime factors of 612128?
2, 11, 37, 47
List the prime factors of 466039.
7, 9511
What are the prime factors of 2769700?
2, 5, 27697
List the prime factors of 701343.
3, 149, 523
What are the prime factors of 2234962?
2, 1117481
List the prime factors of 2241443.
2241443
List the prime factors of 2571550.
2, 5, 51431
List the prime factors of 1386236.
2, 346559
List the prime factors of 5037863.
5037863
What are the prime factors of 1406586?
2, 3, 234431
What are the prime factors of 96473?
13, 41, 181
What are the prime factors of 538782?
2, 3, 89797
What are the prime factors of 5432945?
5, 7, 17, 23, 397
List the prime factors of 37605.
3, 5, 23, 109
List the prime factors of 296890.
2, 5, 11, 2699
What are the prime factors of 2018271?
3, 672757
List the prime factors of 285729.
3, 23, 41, 101
What are the prime factors of 562953?
3, 187651
List the prime factors of 3051691.
79, 38629
What are the prime factors of 54277?
54277
What are the prime factors of 3554738?
2, 11, 37, 397
List the prime factors of 3210962.
2, 19, 84499
What are the prime factors of 2644291?
13, 107, 1901
List the prime factors of 303266.
2, 53, 2861
List the prime factors of 76659.
3, 11, 23, 101
What are the prime factors of 1562504?
2, 17, 11489
What are the prime factors of 3000700?
2, 5, 37, 811
List the prime factors of 1285114.
2, 642557
List the prime factors of 4482243.
3, 41, 4049
What are the prime factors of 367987?
151, 2437
What are the prime factors of 107777?
107777
What are the prime factors of 80979?
3, 26993
What are the pr